he greatest common divisor of w and p?
14
Suppose -27*g + 1698 = -732. What is the greatest common factor of g and 1920?
30
Let u be 8/(-48) + ((-26)/(-12) - -3). Suppose -u*g + 17*g = 648. Calculate the highest common factor of 18 and g.
18
Let o(m) = -6*m + 6. Let h be (-2)/19 + (-3519)/323. Let t be o(h). What is the highest common divisor of 198 and t?
18
Let s(g) = g**2 + 21*g + 97. Let u be s(-16). Calculate the greatest common divisor of 136 and u.
17
Let m(f) = f**2 - 17*f - 11. Let q be m(13). Let a = q + 139. Calculate the highest common divisor of 95 and a.
19
Let m(j) = j**2 - 9*j + 114. Let l be m(0). What is the greatest common divisor of l and 32262?
114
Let y be 6/(-4)*(-6)/9. Let v(t) = -6*t - 11. Suppose 2 = 5*m - 3*l, -7*l = -m - 4*l + 10. Let j be v(m). What is the greatest common divisor of y and j?
1
Suppose -158*n = -11904 + 3688. Calculate the highest common divisor of 2197 and n.
13
Let k(v) = -9*v - 2. Let f be k(-6). Suppose -35*i - 29792 = -91*i. Let g = -519 + i. What is the highest common factor of f and g?
13
Let q be 260/1950 - (4/(-10) - 562/15). Let l(m) = 229*m - 2. Let r be l(2). Calculate the highest common factor of q and r.
38
Let r = -12531 - -12567. What is the greatest common divisor of 4332 and r?
12
Suppose -7*n - 6 + 202 = 0. Let r = -66 - -83. Suppose r*b - 12*b - 280 = 0. What is the greatest common divisor of n and b?
28
Suppose 25*a + 18 = 3*f + 28*a, -5*a + 23 = 4*f. Suppose -f*i + 156 + 26 = 0. Calculate the highest common factor of i and 286.
26
Suppose 5*c = -22*c - 21*c + 384. What is the greatest common divisor of c and 2936?
8
Let h(q) = -q**2 + 5*q + 6. Let o be h(5). Suppose 5*d - o - 35 = 4*x, 3*d = -2*x + 7. Let m = 26 - d. Calculate the highest common divisor of m and 3.
3
Let t(n) = -2*n**2 - 309*n + 3095. Let k be t(-144). What is the highest common factor of k and 1266?
211
Suppose -3*j = -3*d - 423, -178 - 535 = -5*j + d. Calculate the highest common divisor of 77 and j.
11
Let s = 3667 + -3649. Suppose 5*h + 1410 = 5*m, -4*m + h = 5*h - 1104. What is the highest common factor of s and m?
9
Suppose 0 = -6*o + 152 + 298. Let c be ((-90)/o)/(1/(-75)). Let m = -53 + 83. Calculate the greatest common factor of m and c.
30
Let j(r) = -r**3 + 6*r**2 - 8*r - 6. Let i be j(4). Let k = 0 - i. Let y = k - -4. Calculate the highest common factor of y and 10.
10
Let d = 20 + -37. Let y be (d - -15)/(4/(-54)). Let t be (2/3)/((-40)/(-1620)). What is the greatest common divisor of t and y?
27
Let x be 6/(-27) + (-10960)/90. Let o = 166 + x. Calculate the greatest common divisor of o and 33.
11
Let v(c) = -34*c - 7. Let k be v(-7). Let a(b) = b**2 + 92*b - 264. Let g be a(3). What is the highest common factor of k and g?
21
Let h = -88 - -134. Let d(c) be the second derivative of 22*c**3/3 + 67*c**2/2 - 163*c. Let t be d(-1). Calculate the greatest common divisor of h and t.
23
Let w be (-1114)/(-10) - ((-23)/5 + 4). Let l = w + -99. What is the greatest common factor of l and 65?
13
Let z be (-2 + 58)/(-4 - -5). Suppose x = z + 137. Suppose 5*k = l - 169, -x = -l - 3*k - 0*k. What is the highest common divisor of l and 23?
23
Suppose -38*v = -3035 + 2655. What is the highest common factor of v and 7270?
10
Suppose -6*h + 30 = 6. Suppose -h = n, -4*r + 2*n + 63 = r. What is the greatest common divisor of r and 275?
11
Let a = -1240 + 2032. What is the highest common divisor of a and 324?
36
Let y(n) = -n**3 + 29*n**2 + 26*n + 122. Suppose 5*r = -4*t + 120, -3*r - 18 - 42 = -2*t. Let p be y(t). Calculate the greatest common divisor of p and 142.
2
Suppose -c = 2*o - 5*c - 24, 5*o - 125 = -3*c. Suppose 266 = -3*h + o*h. What is the highest common factor of 686 and h?
14
Let h = 20757 + -19032. Calculate the greatest common divisor of h and 225.
75
Suppose -6*z + 31 = p - z, p + 4*z = 28. Suppose 5*d - x = 640, -5*d + 640 = 15*x - 20*x. Calculate the highest common divisor of p and d.
16
Let f(r) = 1085*r + 599. Let d be f(5). What is the highest common divisor of d and 96?
24
Let y be 25/3*(3 - 4)*-3. Let k = y - 22. Suppose -m = -5*t - 4*m + 23, -29 = -k*t + 2*m. Calculate the greatest common divisor of 56 and t.
7
Suppose -15*z + 14*z = -2*k - 115, 474 = 4*z - k. Let f = 14 - 20. Let h be 2 + 2/(f/(-45)). Calculate the highest common factor of z and h.
17
Suppose 5*y = 40, y - 381 = -f - 23. What is the greatest common divisor of f and 4130?
70
Let a(z) = -2*z + 23. Let u be a(13). Let k be 7 + (-36)/(-3) + (0 - u). Calculate the greatest common divisor of k and 66.
22
Let k be 2/((-12)/(-56)*7/2724). What is the highest common divisor of 16 and k?
16
Let g(x) = 11*x**2 - 11*x - 16 - 10*x**2 - 8*x**2. Let w be g(-7). Let u be w/(-21) + 4/7. Calculate the greatest common factor of u and 14.
14
Let t = 294 + -291. Suppose -9 = -t*n + 66. Suppose d + 49 = 4*o - 53, -5*d = 3*o - 65. Calculate the highest common divisor of n and o.
25
Let t be (-620 + 618)/((-4)/190). What is the greatest common factor of t and 7999?
19
Let p = -1434 - -1438. Calculate the highest common divisor of p and 26.
2
Suppose 3*a - 9332 = v, 6224 = 2*a + 130*v - 128*v. Calculate the highest common divisor of 671 and a.
61
Let m = -20319 - -22126. Calculate the highest common divisor of 247 and m.
13
Let f(h) = -2*h**3 - 73*h**2 + 31*h - 201. Let x be f(-37). Calculate the greatest common factor of 203 and x.
7
Suppose 0*r + 4*r = 12. Let s be 1 - ((-165)/r - -1). Let a = 12097 + -12075. What is the highest common factor of a and s?
11
Suppose 4*j = 2*w + 50, -3*w = -j - 4*w + 5. Let k = j + 41. Suppose 0 = -5*a + 2*a + k. Calculate the greatest common factor of 85 and a.
17
Suppose 2*b + 8 = -0*b. Let h be 2/4*(-1)/(b/16). Let s(z) = 6*z**2 + z - 6. Let v be s(h). What is the greatest common factor of 120 and v?
20
Suppose -t = -4*m - 49 - 15, 195 = 5*t + 5*m. Suppose 103*z = -30*z + 296*z - 5379. What is the highest common factor of z and t?
11
Let x(b) = -b**3 + 6*b**2 + b + 2. Let s be x(6). Suppose 42*j - 30*j - 24 = 0. Calculate the greatest common factor of s and j.
2
Suppose -11*y + 16003 - 2869 = 0. What is the highest common factor of 54 and y?
6
Let c be (16/5 + -2)/(1/55). Let v = c + -65. Calculate the greatest common factor of v and 5.
1
Let t = 2 + 2. Suppose 242 = t*x + 7*j - 5*j, -304 = -5*x - 4*j. Let h(p) = -25*p**2 + 63*p + 48. Let v be h(3). What is the highest common factor of x and v?
12
Let l(g) be the first derivative of 14*g**3/3 - 3*g**2/2 - g - 204. Let k be l(-5). What is the highest common divisor of 104 and k?
52
Let i be 28*-76*1*(-3)/12. What is the greatest common divisor of i and 84?
28
Let z(n) = -13*n**3 + n**2 - n - 1. Let d be (-10)/(-6) - 510/9. Let y = -56 - d. Let j be z(y). What is the highest common factor of 2 and j?
2
Let t be 2 - -2 - 27 - -6. Let n be (4 - (1 - -2 - -2))*t. Calculate the greatest common factor of n and 153.
17
Let l = -673 - -720. Suppose 3*w + 176 - 1163 = 0. What is the highest common divisor of w and l?
47
Let c(u) be the second derivative of u**5/20 + 2*u**4 - 23*u**3/6 - 9*u**2 - 147*u. Let y be c(-23). Calculate the highest common divisor of 65 and y.
65
Let q(w) = w + 11. Suppose 2*i - 3*h = 55, -11 = -3*i - 4*h + 29. Let x be q(i). Let r be 1/(935/310 - 3). What is the greatest common factor of x and r?
31
Suppose -p - y - 2*y = -29, 0 = -4*p + 3*y + 56. Let a(j) = 3*j**2 - 37*j - 30. Let x be a(p). What is the highest common divisor of x and 13?
13
Let r be (-12)/20 - (2 + 308/20). Let c(y) = -y**2 - 20*y - 36. Let p be c(r). Let a be (p - 12)*(-8)/6. What is the highest common factor of a and 112?
16
Let i = -199 + 903. Suppose -2*y + i = 5*q, -5*y + 2*y = 3*q - 1056. Calculate the highest common factor of 16 and y.
16
Suppose 39*r = -4*n + 36*r + 1, -2*n - 3*r = 7. Let m be 2*(n - 40/16). Calculate the greatest common divisor of m and 11.
1
Let u = 131 - 127. Suppose -5*t - c + 93 = 0, -u*t + 0*c + 3*c + 63 = 0. What is the greatest common divisor of 198 and t?
18
Let p(w) = -w**3 - 37*w**2 + 121*w + 134. Let q be p(-40). Calculate the greatest common divisor of q and 23970.
94
Suppose i = -4*w + 2731, 34*w = 28*w + 4*i + 4124. Calculate the greatest common divisor of 198 and w.
18
Let y(d) = -19*d + 2. Let n be y(-3). Suppose -n*o + 61*o - 78 =